. Let x(g) = n - 16*g + g + 4*g - g**2. What is x(-10)?
23
Let q be (-20)/((-8)/6*(-18)/(-12)). Let c(i) be the first derivative of 3*i**2/2 - 24*i - 1. Let a be c(q). Let v(r) = r - 5. Calculate v(a).
1
Let c(d) be the third derivative of -d**6/720 + 19*d**4/8 - 8*d**2 + 2*d. Let a(s) be the second derivative of c(s). Determine a(1).
-1
Let w = 4798 + -4808. Let f(a) = 3*a + 26. Determine f(w).
-4
Let a(l) be the second derivative of -2 + 50*l - 11/2*l**2 - 1/6*l**3. Give a(8).
-19
Let q(p) = p**2 - 6*p - 6. Let r be ((-9)/(-2))/(40/400). Suppose -5*u + 2*m = -r, -4*u + 37 = -2*m - 1. Give q(u).
1
Let r(s) be the first derivative of -4*s**3/3 - 3*s**2 + 2*s - 1774. Give r(1).
-8
Let q(w) be the third derivative of -w**6/120 - 29*w**5/60 - 37*w**4/24 - 125*w**3/3 + 19*w**2 + 10*w. Determine q(-28).
2
Let y be ((-3)/9)/(5/(-255)). Suppose -5*w = -3*s - y + 1, -w = s. Let q(c) = -27*c + 10. Let x(l) = -3*l + 2. Let b(f) = q(f) - 6*x(f). Calculate b(w).
-20
Let o(h) = 2*h - 4. Let g be 1678/18 + 4/(-18). Let w = g - 69. Suppose -5*s - 4 = -w. What is o(s)?
4
Suppose -69*o - 402 = -75*o. Let j(n) = 5 + o*n + 2 - 127*n + 61*n + 2. Determine j(0).
9
Let w(q) = -17*q - 20*q + 36*q - 39 + 11. Calculate w(-18).
-10
Let o be 1 + 5 + -5 - -9. Suppose o*a = -19*a + 116. Let w(p) = -p**2 + 8*p + 1. What is w(a)?
17
Let s(y) = -25383*y**3 - 5 + 25382*y**3 + 0*y**2 + 16*y - 6*y**2. Determine s(-9).
94
Let s be -4*((-3)/((-90)/57) + 2/(-5)). Let k(c) = -c**3 - 5*c**2 - 8*c - 7. What is k(s)?
77
Let a = 9 - 5. Let o(z) = -38 + 37 - z**2 - 752*z + 758*z. Give o(a).
7
Suppose 0 = 12*r - 11*r + 5*u - 1, 2*r + 5*u - 7 = 0. Let c be ((-3)/r - -2)/(12/(-24)). Let a(j) = j**3 - 2*j**2 - 4*j + 1. Calculate a(c).
-32
Suppose 451 = 23*o - 12*o. Suppose -14*r + o = -19*r + 4*c, -4*c = -4*r - 36. Let g(x) = -x**2 - 2*x + 5. Determine g(r).
-10
Let u(g) = -g**3 - 4*g**2 + 4. Let n = -10708 + 10711. Calculate u(n).
-59
Let r = -127 + 129. Let x(u) = 136*u - 73*u - 72*u - 6 - 3*u**r + 4*u**2. Give x(7).
-20
Suppose -4*w + 29 = d, -4*w + 2*d - 4*d = -30. Let t(g) = 29*g + 45. Let p(v) = -33*v - 49. Let k(r) = -8*p(r) - 9*t(r). Give k(w).
8
Let h(m) = -3*m**2 - 6*m**3 + 9 - m**3 + 7*m**3 - m**3 + 375*m - 359*m. Calculate h(-6).
21
Let d(q) = -17*q + 6. Suppose 5*b = -63*i + 68*i - 40, -5*b - 28 = -i. Determine d(i).
-45
Let b(f) = f**2 - f - 12. Let y = 1615 + -1608. Calculate b(y).
30
Suppose -301 - 126 = 44*z + 17*z. Let k(h) = -h**3 + 6*h**2 + 10*h + 3. Let s(x) = -6*x**3 + 29*x**2 + 51*x + 14. Let f(n) = -11*k(n) + 2*s(n). Calculate f(z).
2
Suppose 5*u + 2*i = -2*i + 8, -2*i + 4 = 0. Suppose u = -5*k - 17 - 38. Let q(h) = -h - 17. Let c be q(k). Let f(s) = 2*s + 1. What is f(c)?
-11
Let x(u) be the second derivative of 189*u + 0 + 0*u**4 - 1/20*u**5 + 0*u**3 - 27/2*u**2. Determine x(0).
-27
Let k(x) = -x**2 + 78*x - 133. Let n(o) = o**2 - 116*o + 200. Let b(u) = -7*k(u) - 5*n(u). Let s be b(-19). Let d(v) = v**2 - 9*v - 2. Calculate d(s).
-16
Let o(w) = -2*w**2 + 24*w + 11. Suppose -57*j + 884 = 11*j. Determine o(j).
-15
Suppose 110 = 2*d + 12. Suppose 15 = -44*t + d*t. Let z(y) = t*y - 5*y - 3*y**2 + 3 - 1. Calculate z(-2).
-6
Suppose 0 = -57*x + 41*x + 32. Let l(k) be the first derivative of 2*k + 5/2*k**2 - 1. What is l(x)?
12
Let d be -2 - (-20)/11 - 780/66. Let x be 22*(4/6)/(d/(-9)). Let v(c) = -x*c + 39*c + 13 - 17*c - 13*c. Give v(9).
-5
Let w(r) = 3*r + 1. Suppose 24*p - 42 - 5 + 215 = 0. Let s = 4 + -6. Let c(b) = -11*b - 4. Let a(i) = p*w(i) + s*c(i). Give a(0).
1
Let d(a) be the third derivative of -a**6/120 - a**5/20 - a**4/8 - a**3/3 - 18382*a**2. Let p(t) = 2*t**3 - t**2 - t - 1. Let v be p(-1). Give d(v).
7
Let u(y) = 3*y**2 + 2*y**3 + 22*y - 30*y - 135 + 121 - y**3. What is u(-4)?
2
Let d(w) = 2*w - 16. Suppose -34134 = -14*k - 33966. Give d(k).
8
Let u(p) = -p**3 + 8*p**2 - p + 3. Let x = 36 - 34. Suppose -2*o - x = -2. Suppose o = -4*s + 4*b + 48, -s - 1 = b - 5. What is u(s)?
-5
Let q(d) = -6*d + 72. Let m be q(11). Let r be (-36)/6 - (-8 - m/(-2)). Let f(l) be the third derivative of -l**6/24 - l**5/60 - l**2. Give f(r).
4
Let w(n) = n**2 + 3*n + 1. Let m be (4 - (-42)/(-9))/((-4)/6). Suppose -2*a - m = -u + 7, -a - 2*u + 1 = 0. Give w(a).
1
Let m(s) be the third derivative of -s**7/60 + s**6/180 - s**5/120 - 31*s**3/6 - 188*s**2. Let i(l) be the first derivative of m(l). Determine i(1).
-13
Suppose 65 = 6*a - a. Let u(m) = -m**3 + 13*m**2 + 6. Let q be u(a). Let z(b) = -10*b**2 + q*b**2 + 10*b**2 + b**3 + 6. Calculate z(-6).
6
Let a(f) = 4964 + 2*f + 0*f**2 - 4964 + f**3 - 7*f**2 - 7*f. Give a(5).
-75
Let p(d) = -d**3 - 11*d**2 - 10*d - 8. Suppose 11 = h - 3*i, 3*h - h = -4*i + 22. Suppose h*z + 109 = -1. Determine p(z).
-8
Let u(x) = -14*x - 294. Let h be 285/(-38)*140/50. What is u(h)?
0
Suppose -8*a + a = -21. Suppose -22*i + 50 = -5*u - 24*i, 0 = -a*i. Let w(l) = -l**2 - 9*l - 3. What is w(u)?
-13
Let k(l) be the third derivative of -29*l**5/60 + l**3/6 - 58*l**2 - 1. Let y = -41 - -40. What is k(y)?
-28
Let l(a) be the third derivative of a**5/15 + 11*a**4/24 + 3*a**3/2 + 3138*a**2. Calculate l(-5).
54
Let p(a) = 2*a - 1. Let v(l) = -5*l**3 - l**2 - 4*l - 4. Let u be v(-1). Let g(m) = -m**2 + 5 - u + 3*m - 3. Let o(s) = 3*g(s) - 2*p(s). Calculate o(3).
-16
Let l(t) be the third derivative of -t**6/120 + 7*t**5/30 - 17*t**4/24 - 2*t**3 - 14*t**2 - 3*t - 5. Calculate l(12).
72
Let h(x) be the third derivative of x**5/60 - x**4/4 + 11*x**3/6 - 8*x**2 + 49. Determine h(11).
66
Let g(p) = -2*p**2 + 4*p - 4. Let q(v) = 3*v**2 + 10*v + 2 - 15 + 6 + 1. Let w be q(-4). What is g(w)?
-4
Suppose -m + 6 = k, -5*k + 3*m - 3 = -3*k. Let q(d) = 49*d - 53*d - 1 - 1 + k. What is q(3)?
-11
Let f(r) be the third derivative of 29*r**4/24 + r**3/3 - 555*r**2. Calculate f(-1).
-27
Let s(q) = 80*q + 5. Suppose 8 = -196*z + 400. What is s(z)?
165
Let w(y) = -2*y. Suppose -4*p = -2*u + 86, 3*p + 36 = -4*u + 186. Suppose 12*b + u = -57. Give w(b).
16
Let k(o) = -28514*o + 6 - 4 + 28520*o. Let f be (-10 - -2) + 11 + -10. Let d be 36/21 + (-2)/f. What is k(d)?
14
Suppose 3*s + 9 = -181*f + 178*f, 21 = -5*f - 2*s. Let n(a) = a**3 + 7*a**2 + 4*a - 5. Give n(f).
25
Let x(l) = -3*l**2 - 10*l + 11. Let c(h) = -6*h**2 + 0 - 8*h**2 + 5 + 13*h**2 - 6*h. Let g(k) = -5*c(k) + 2*x(k). Give g(10).
-3
Let q be 6 + 1 - (-56 - -50). Let i(y) = y**3 - 14*y**2 + 11*y. Calculate i(q).
-26
Let p be 80/(-12)*6/(-4). Let m(x) be the third derivative of x**4/24 - 4*x**3/3 + x**2 + 2. What is m(p)?
2
Suppose -84*s + 3 = -83*s + 2*x, -5*x = -4*s + 25. Let j(c) = -c**3 - 4*c - 7. Let k(l) = -l**3 + l**2 - 3*l - 6. Let o(t) = 4*j(t) - 5*k(t). Determine o(s).
-3
Let v = -5 - -1. Let p(w) be the second derivative of w**6/120 - w**5/60 - 31*w**4/6 - w**2/2 + 4*w + 4. Let y(c) be the third derivative of p(c). Give y(v).
-26
Let r(f) be the first derivative of f**2/2 + 3*f + 5. Let s(v) = -173*v**2 - 6*v. Let z be s(1). Let b = -187 - z. Determine r(b).
-5
Let s(r) = 4 - 3 - 2 - r - r**2. Let k = 2452 - 2455. Calculate s(k).
-7
Let p(m) = -346 + 743 + 4*m - 8*m - 315 - 3*m. Determine p(11).
5
Suppose 0*g = 4*g. Let o(x) = 10*x**2 + 3*x - 12. Let n(m) = 17*m**2 + 5*m - 20. Let j(d) = -7*n(d) + 12*o(d). What is j(g)?
-4
Suppose -q + 5*s + 2 = -0*s, 4*s = 0. Let u(m) = 10*m**2 + 2*m - 6 - 7*m**q + 4 + 1. Suppose 8*r - 3*z - 1 = 3*r, 0 = -2*r + 5*z - 11. What is u(r)?
15
Let s(a) = 31*a**3 + 58*a**2 - 112*a - 140. Let w(t) = -7*t**3 - 13*t**2 + 25*t + 31. Let n(p) = 5*s(p) + 22*w(p). Calculate n(-7).
-95
Let s(t) = -5*t**3 + 26*t**2 - 74*t - 26. Let d(l) = -2*l**3 + 12*l**2 - 34*l - 13. Let o(x) = -7*d(x) + 3*s(x). What is o(-8)?
13
Let t(o) be the second derivative of -o**4/4 + 7*o**3 - 19*o**2 + 4972*o. What is t(13)?
1
Let p(w) = -w**3 + 17 - 33 - 4*w**2 + 0 + 20. Calculate p(-3).
-5
Let d = -105 - -120. Let s be 195/d + -2 + 1 + -2. Let i(b) = -9*b + 0*b + 2 + s*b + 15. Give i(0).
17
Let r be (32/(-48))/(2/(-123)). Let d = r - 46. Let m(q) = q**2 + 6*q - 4. Calculate m(d).
-9
Let l(u) be the third derivative of 3*u**4/2 - 125*u**3/6 + 9944*u**2. Determine l(4).
19
Let s(t) = 9*t**2 + t - 2. Let o(w) = -21*w**3 - 2*w**2 + 4*w - 1. Let h be o(1). Let b = h + 21. Determine s(b).
8
Let q(n) = 3*n**2 - 1